86.
7
Calculate the remainder when 38655 is divided by 7730.
5
What is the remainder when 23111 is divided by 69?
65
What is the remainder when 13080 is divided by 223?
146
Calculate the remainder when 6253 is divided by 1042.
1
Calculate the remainder when 107927 is divided by 2116.
11
What is the remainder when 7632 is divided by 933?
168
What is the remainder when 79 is divided by 46?
33
Calculate the remainder when 85206 is divided by 5325.
6
What is the remainder when 886 is divided by 22?
6
Calculate the remainder when 20413 is divided by 248.
77
Calculate the remainder when 352 is divided by 234.
118
Calculate the remainder when 12664 is divided by 84.
64
Calculate the remainder when 6393 is divided by 908.
37
Calculate the remainder when 65123 is divided by 343.
296
What is the remainder when 554 is divided by 99?
59
Calculate the remainder when 2107 is divided by 100.
7
What is the remainder when 8131536 is divided by 929?
928
Calculate the remainder when 75408 is divided by 73.
72
What is the remainder when 15365 is divided by 39?
38
What is the remainder when 839 is divided by 16?
7
Calculate the remainder when 7534 is divided by 836.
10
Calculate the remainder when 474608 is divided by 563.
562
Calculate the remainder when 371347 is divided by 5.
2
Calculate the remainder when 10656 is divided by 127.
115
What is the remainder when 86468 is divided by 193?
4
What is the remainder when 386732 is divided by 128907?
11
Calculate the remainder when 72421 is divided by 60.
1
Calculate the remainder when 931 is divided by 109.
59
What is the remainder when 1062 is divided by 173?
24
What is the remainder when 53833 is divided by 92?
13
What is the remainder when 455 is divided by 161?
133
Calculate the remainder when 11684 is divided by 3860.
104
What is the remainder when 8456 is divided by 249?
239
Calculate the remainder when 624 is divided by 616.
8
Calculate the remainder when 74814 is divided by 47.
37
What is the remainder when 1181487 is divided by 274?
273
What is the remainder when 581864 is divided by 15?
14
Calculate the remainder when 26136 is divided by 474.
66
What is the remainder when 2978 is divided by 296?
18
What is the remainder when 17656 is divided by 631?
619
What is the remainder when 1361 is divided by 1126?
235
Calculate the remainder when 8085 is divided by 538.
15
Calculate the remainder when 371765 is divided by 125.
15
What is the remainder when 113764 is divided by 24?
4
Calculate the remainder when 75773 is divided by 175.
173
What is the remainder when 9092 is divided by 1514?
8
What is the remainder when 37810 is divided by 18894?
22
Calculate the remainder when 6253 is divided by 48.
13
What is the remainder when 2736 is divided by 60?
36
Calculate the remainder when 115068 is divided by 76.
4
Calculate the remainder when 168005 is divided by 1647.
11
What is the remainder when 323552 is divided by 107844?
20
Calculate the remainder when 12249 is divided by 4079.
12
What is the remainder when 190402 is divided by 19040?
2
What is the remainder when 6239 is divided by 441?
65
What is the remainder when 1636178 is divided by 310?
308
Calculate the remainder when 494094 is divided by 4.
2
Calculate the remainder when 40227 is divided by 104.
83
Calculate the remainder when 6443 is divided by 1151.
688
Calculate the remainder when 19172 is divided by 70.
62
Calculate the remainder when 103821 is divided by 2471.
39
What is the remainder when 6678 is divided by 399?
294
Calculate the remainder when 516601 is divided by 649.
646
Calculate the remainder when 14488 is divided by 9.
7
Calculate the remainder when 11023 is divided by 731.
58
Calculate the remainder when 1169 is divided by 339.
152
Calculate the remainder when 11568 is divided by 340.
8
What is the remainder when 43514 is divided by 5436?
26
Calculate the remainder when 1274 is divided by 608.
58
What is the remainder when 4266 is divided by 2090?
86
Calculate the remainder when 4535 is divided by 1501.
32
Calculate the remainder when 2328 is divided by 74.
34
What is the remainder when 4819 is divided by 688?
3
What is the remainder when 503270 is divided by 44?
42
Calculate the remainder when 10894 is divided by 117.
13
Calculate the remainder when 25198 is divided by 2090.
118
What is the remainder when 66574 is divided by 33284?
6
Calculate the remainder when 35684 is divided by 35587.
97
Calculate the remainder when 2079 is divided by 270.
189
Calculate the remainder when 383583 is divided by 538.
527
What is the remainder when 16660 is divided by 44?
28
What is the remainder when 2933067 is divided by 38?
37
Calculate the remainder when 4318 is divided by 29.
26
What is the remainder when 74904 is divided by 74903?
1
Calculate the remainder when 5206 is divided by 498.
226
What is the remainder when 13277 is divided by 214?
9
Calculate the remainder when 789902 is divided by 1622.
1610
Calculate the remainder when 7587 is divided by 247.
177
What is the remainder when 1595 is divided by 797?
1
What is the remainder when 3922 is divided by 33?
28
What is the remainder when 6253 is divided by 66?
49
Calculate the remainder when 61605 is divided by 4400.
5
What is the remainder when 37422 is divided by 2575?
1372
What is the remainder when 8207 is divided by 505?
127
What is the remainder when 12588 is divided by 599?
9
What is the remainder when 2384 is divided by 440?
184
Calculate the remainder when 541 is divided by 44.
13
What is the remainder when 4696812 is divided by 11?
10
Calculate the remainder when 1404 is divided by 55.
29
Calculate the remainder when 7734 is divided by 4.
2
What is the remainder when 50039 is divided by 382?
379
What is the remainder when 9385 is divided by 375?
10
Calculate the remainder when 3740 is divided by 24.
20
Calculate the remainder when 23071 is divided by 23057.
14
Calculate the remainder when 1278674 is divided by 52.
46
What is the remainder when 423148 is divided by 130?
128
Calculate the remainder when 13418 is divided by 31.
26
What is the remainder when 131917 is divided by 717?
706
Calculate the remainder when 7788 is divided by 2336.
780
Calculate the remainder when 1155 is divided by 175.
105
What is the remainder when 25780 is divided by 22?
18
Calculate the remainder when 272162 is divided by 126.
2
What is the remainder when 149573 is divided by 370?
93
What is the remainder when 1432 is divided by 420?
172
What is the remainder when 10050 is divided by 119?
54
What is the remainder when 6840 is divided by 1065?
450
What is the remainder when 2864 is divided by 161?
127
Calculate the remainder when 16966 is divided by 28.
26
What is the remainder when 58029 is divided by 26?
23
Calculate the remainder when 4978 is divided by 200.
178
What is the remainder when 1437 is divided by 72?
69
What is the remainder when 1080107 is divided by 540049?
9
What is the remainder when 260082 is divided by 22?
20
Calculate the remainder when 6460 is divided by 3220.
20
What is the remainder when 12041 is divided by 4005?
26
Calculate the remainder when 6444 is divided by 295.
249
What is the remainder when 24792 is divided by 62?
54
Calculate the remainder when 18528 is divided by 2.
0
Calculate the remainder when 33269 is divided by 288.
149
What is the remainder when 13042 is divided by 1449?
1
Calculate the remainder when 17081 is divided by 5687.
20
What is the remainder when 32407 is divided by 32263?
144
Calculate the remainder when 123018 is divided by 1098.
42
What is the remainder when 34590 is divided by 162?
84
What is the remainder when 22038 is divided by 127?
67
Calculate the remainder when 278208 is divided by 46367.
6
Calculate the remainder when 3863294 is divided by 772657.
9
What is the remainder when 1527 is divided by 381?
3
Calculate the remainder when 3707 is divided by 3703.
4
Calculate the remainder when 114431 is divided by 149.
148
What is the remainder when 4196 is divided by 3481?
715
What is the remainder when 525698 is divided by 4?
2
Calculate the remainder when 3564 is divided by 449.
421
Calculate the remainder when 3365 is divided by 669.
20
What is the remainder when 9901 is divided by 9861?
40
What is the remainder when 45873 is divided by 5?
3
What is the remaind